{"id":168,"date":"2022-08-16T14:15:16","date_gmt":"2022-08-16T14:15:16","guid":{"rendered":"https:\/\/altitudo.com.br\/store\/?post_type=product&#038;p=168"},"modified":"2024-12-13T14:37:58","modified_gmt":"2024-12-13T14:37:58","slug":"olt-gateway-huawei-ekit-f1001-ac","status":"publish","type":"product","link":"https:\/\/altitudo.com.br\/store\/produto\/olt-gateway-huawei-ekit-f1001-ac\/","title":{"rendered":"OLT Gateway Huawei eKit F1001-AC"},"content":{"rendered":"","protected":false},"excerpt":{"rendered":"<p>Huawei OptiXstar F1001-AC \u00e9 um gateway \u00f3ptico empresarial. Ele suporta transmiss\u00e3o upstream GE Ethernet e XG-PON e downstream atrav\u00e9s das portas PoF downlink (atrav\u00e9s de cabo PoF) e PON (SC\/UPC) conectadas a AP \u00f3ptico para implementar acesso Wi-Fi em pequenas empresas, supermercados, escolas, etc.<\/p>\n","protected":false},"featured_media":512,"comment_status":"open","ping_status":"closed","template":"","meta":[],"product_brand":[],"product_cat":[30,135,133],"product_tag":[138,136,134,137],"class_list":{"0":"post-168","1":"product","2":"type-product","3":"status-publish","4":"has-post-thumbnail","6":"product_cat-conectividade","7":"product_cat-gateway","8":"product_cat-huawei","9":"product_tag-conectividade","10":"product_tag-gateway","11":"product_tag-huawei","12":"product_tag-microsoft","14":"first","15":"instock","16":"featured","17":"purchasable","18":"product-type-simple"},"_links":{"self":[{"href":"https:\/\/altitudo.com.br\/store\/wp-json\/wp\/v2\/product\/168","targetHints":{"allow":["GET"]}}],"collection":[{"href":"https:\/\/altitudo.com.br\/store\/wp-json\/wp\/v2\/product"}],"about":[{"href":"https:\/\/altitudo.com.br\/store\/wp-json\/wp\/v2\/types\/product"}],"replies":[{"embeddable":true,"href":"https:\/\/altitudo.com.br\/store\/wp-json\/wp\/v2\/comments?post=168"}],"wp:featuredmedia":[{"embeddable":true,"href":"https:\/\/altitudo.com.br\/store\/wp-json\/wp\/v2\/media\/512"}],"wp:attachment":[{"href":"https:\/\/altitudo.com.br\/store\/wp-json\/wp\/v2\/media?parent=168"}],"wp:term":[{"taxonomy":"product_brand","embeddable":true,"href":"https:\/\/altitudo.com.br\/store\/wp-json\/wp\/v2\/product_brand?post=168"},{"taxonomy":"product_cat","embeddable":true,"href":"https:\/\/altitudo.com.br\/store\/wp-json\/wp\/v2\/product_cat?post=168"},{"taxonomy":"product_tag","embeddable":true,"href":"https:\/\/altitudo.com.br\/store\/wp-json\/wp\/v2\/product_tag?post=168"}],"curies":[{"name":"wp","href":"https:\/\/api.w.org\/{rel}","templated":true}]}}