{"id":805,"date":"2024-12-10T18:30:35","date_gmt":"2024-12-10T18:30:35","guid":{"rendered":"https:\/\/altitudo.com.br\/store\/?post_type=product&#038;p=805"},"modified":"2024-12-13T14:33:54","modified_gmt":"2024-12-13T14:33:54","slug":"telefone-ip-grandstream-grp2601p-w","status":"publish","type":"product","link":"https:\/\/altitudo.com.br\/store\/produto\/telefone-ip-grandstream-grp2601p-w\/","title":{"rendered":"Telefone IP Grandstream GRP2601P\/W"},"content":{"rendered":"","protected":false},"excerpt":{"rendered":"<p>Parte da s\u00e9rie GRP de telefone IP para operadoras da Grandstream, o GRP2601 \u00e9 um modelo b\u00e1sico com 2 linhas projetado com provisionamento zero-touch para implementa\u00e7\u00e3o em massa e f\u00e1cil gerenciamento.<\/p>\n","protected":false},"featured_media":811,"comment_status":"open","ping_status":"closed","template":"","meta":[],"product_brand":[],"product_cat":[30,132,149],"product_tag":[138,150,151],"class_list":{"0":"post-805","1":"product","2":"type-product","3":"status-publish","4":"has-post-thumbnail","6":"product_cat-conectividade","7":"product_cat-grandstream","8":"product_cat-telefonia-ip","9":"product_tag-conectividade","10":"product_tag-grandstream","11":"product_tag-telefonia-ip","13":"first","14":"instock","15":"featured","16":"purchasable","17":"product-type-simple"},"_links":{"self":[{"href":"https:\/\/altitudo.com.br\/store\/wp-json\/wp\/v2\/product\/805","targetHints":{"allow":["GET"]}}],"collection":[{"href":"https:\/\/altitudo.com.br\/store\/wp-json\/wp\/v2\/product"}],"about":[{"href":"https:\/\/altitudo.com.br\/store\/wp-json\/wp\/v2\/types\/product"}],"replies":[{"embeddable":true,"href":"https:\/\/altitudo.com.br\/store\/wp-json\/wp\/v2\/comments?post=805"}],"wp:featuredmedia":[{"embeddable":true,"href":"https:\/\/altitudo.com.br\/store\/wp-json\/wp\/v2\/media\/811"}],"wp:attachment":[{"href":"https:\/\/altitudo.com.br\/store\/wp-json\/wp\/v2\/media?parent=805"}],"wp:term":[{"taxonomy":"product_brand","embeddable":true,"href":"https:\/\/altitudo.com.br\/store\/wp-json\/wp\/v2\/product_brand?post=805"},{"taxonomy":"product_cat","embeddable":true,"href":"https:\/\/altitudo.com.br\/store\/wp-json\/wp\/v2\/product_cat?post=805"},{"taxonomy":"product_tag","embeddable":true,"href":"https:\/\/altitudo.com.br\/store\/wp-json\/wp\/v2\/product_tag?post=805"}],"curies":[{"name":"wp","href":"https:\/\/api.w.org\/{rel}","templated":true}]}}