{"id":818,"date":"2024-12-10T19:48:30","date_gmt":"2024-12-10T19:48:30","guid":{"rendered":"https:\/\/altitudo.com.br\/store\/?post_type=product&#038;p=818"},"modified":"2024-12-13T14:33:26","modified_gmt":"2024-12-13T14:33:26","slug":"telefone-ip-grandstream-grp2604-p","status":"publish","type":"product","link":"https:\/\/altitudo.com.br\/store\/produto\/telefone-ip-grandstream-grp2604-p\/","title":{"rendered":"Telefone IP Grandstream GRP2604\/P"},"content":{"rendered":"","protected":false},"excerpt":{"rendered":"<p>Telefone IP essencial de 3 linhas projetado para implanta\u00e7\u00e3o em massa e f\u00e1cil gerenciamento<br \/>\nO GRP2604 oferece confer\u00eancia de voz de 5 vias para maximizar a produtividade, PoE integrado (GRP2604P) e \u00e9 compat\u00edvel com o Sistema de gerenciamento de dispositivos (GDMS) da Grandstream.<\/p>\n","protected":false},"featured_media":822,"comment_status":"open","ping_status":"closed","template":"","meta":[],"product_brand":[],"product_cat":[30,132,149],"product_tag":[138,150,151],"class_list":{"0":"post-818","1":"product","2":"type-product","3":"status-publish","4":"has-post-thumbnail","6":"product_cat-conectividade","7":"product_cat-grandstream","8":"product_cat-telefonia-ip","9":"product_tag-conectividade","10":"product_tag-grandstream","11":"product_tag-telefonia-ip","13":"first","14":"instock","15":"featured","16":"purchasable","17":"product-type-simple"},"_links":{"self":[{"href":"https:\/\/altitudo.com.br\/store\/wp-json\/wp\/v2\/product\/818","targetHints":{"allow":["GET"]}}],"collection":[{"href":"https:\/\/altitudo.com.br\/store\/wp-json\/wp\/v2\/product"}],"about":[{"href":"https:\/\/altitudo.com.br\/store\/wp-json\/wp\/v2\/types\/product"}],"replies":[{"embeddable":true,"href":"https:\/\/altitudo.com.br\/store\/wp-json\/wp\/v2\/comments?post=818"}],"wp:featuredmedia":[{"embeddable":true,"href":"https:\/\/altitudo.com.br\/store\/wp-json\/wp\/v2\/media\/822"}],"wp:attachment":[{"href":"https:\/\/altitudo.com.br\/store\/wp-json\/wp\/v2\/media?parent=818"}],"wp:term":[{"taxonomy":"product_brand","embeddable":true,"href":"https:\/\/altitudo.com.br\/store\/wp-json\/wp\/v2\/product_brand?post=818"},{"taxonomy":"product_cat","embeddable":true,"href":"https:\/\/altitudo.com.br\/store\/wp-json\/wp\/v2\/product_cat?post=818"},{"taxonomy":"product_tag","embeddable":true,"href":"https:\/\/altitudo.com.br\/store\/wp-json\/wp\/v2\/product_tag?post=818"}],"curies":[{"name":"wp","href":"https:\/\/api.w.org\/{rel}","templated":true}]}}