{"id":833,"date":"2024-12-10T20:32:23","date_gmt":"2024-12-10T20:32:23","guid":{"rendered":"https:\/\/altitudo.com.br\/store\/?post_type=product&#038;p=833"},"modified":"2024-12-13T14:32:26","modified_gmt":"2024-12-13T14:32:26","slug":"telefone-sip-grandstream-gxp1610-br","status":"publish","type":"product","link":"https:\/\/altitudo.com.br\/store\/produto\/telefone-sip-grandstream-gxp1610-br\/","title":{"rendered":"Telefone SIP Grandstream GXP1610 BR"},"content":{"rendered":"","protected":false},"excerpt":{"rendered":"<p>Um telefone IP simples para usu\u00e1rios de pequenas empresas, o GXP1610\/GXP1610P\/1615 oferece uma experi\u00eancia de chamada VoIP amig\u00e1vel em um telefone IP muito f\u00e1cil de usar. PoE 802.3af integrado \u00e9 usado para alimentar o GXP1610P ou GXP1615 e fornecer a ele uma conex\u00e3o de rede.<\/p>\n","protected":false},"featured_media":840,"comment_status":"open","ping_status":"closed","template":"","meta":[],"product_brand":[],"product_cat":[30,132,149],"product_tag":[138,150,151],"class_list":{"0":"post-833","1":"product","2":"type-product","3":"status-publish","4":"has-post-thumbnail","6":"product_cat-conectividade","7":"product_cat-grandstream","8":"product_cat-telefonia-ip","9":"product_tag-conectividade","10":"product_tag-grandstream","11":"product_tag-telefonia-ip","13":"first","14":"instock","15":"featured","16":"purchasable","17":"product-type-simple"},"_links":{"self":[{"href":"https:\/\/altitudo.com.br\/store\/wp-json\/wp\/v2\/product\/833","targetHints":{"allow":["GET"]}}],"collection":[{"href":"https:\/\/altitudo.com.br\/store\/wp-json\/wp\/v2\/product"}],"about":[{"href":"https:\/\/altitudo.com.br\/store\/wp-json\/wp\/v2\/types\/product"}],"replies":[{"embeddable":true,"href":"https:\/\/altitudo.com.br\/store\/wp-json\/wp\/v2\/comments?post=833"}],"wp:featuredmedia":[{"embeddable":true,"href":"https:\/\/altitudo.com.br\/store\/wp-json\/wp\/v2\/media\/840"}],"wp:attachment":[{"href":"https:\/\/altitudo.com.br\/store\/wp-json\/wp\/v2\/media?parent=833"}],"wp:term":[{"taxonomy":"product_brand","embeddable":true,"href":"https:\/\/altitudo.com.br\/store\/wp-json\/wp\/v2\/product_brand?post=833"},{"taxonomy":"product_cat","embeddable":true,"href":"https:\/\/altitudo.com.br\/store\/wp-json\/wp\/v2\/product_cat?post=833"},{"taxonomy":"product_tag","embeddable":true,"href":"https:\/\/altitudo.com.br\/store\/wp-json\/wp\/v2\/product_tag?post=833"}],"curies":[{"name":"wp","href":"https:\/\/api.w.org\/{rel}","templated":true}]}}